site?
True
Is 47855788867 a prime number?
True
Is 5712895789 a composite number?
True
Is 33123755107 prime?
True
Is 380183717 a prime number?
True
Is 771597089 a prime number?
True
Is 3660344927 a composite number?
True
Is 1986945743 composite?
True
Is 5125935791 composite?
False
Is 14356142623 composite?
False
Is 269344727 a prime number?
True
Is 2022992441 a prime number?
True
Is 12752204429 prime?
False
Is 31133956939 a prime number?
False
Is 10138964161 a composite number?
True
Is 2294492593 a prime number?
True
Is 323909723 prime?
True
Is 400377893 a prime number?
False
Is 934124629 a composite number?
True
Is 666127489 a composite number?
True
Is 2284731367 composite?
True
Is 6065846977 a composite number?
False
Is 214548582967 composite?
True
Is 2922410081 a composite number?
True
Is 1737256721 composite?
False
Is 4612641793 a composite number?
False
Is 210674899 a prime number?
False
Is 260424859 composite?
True
Is 323667643 a composite number?
True
Is 1064110885 a prime number?
False
Is 32963445257 composite?
False
Is 587950603 a prime number?
True
Is 71115715501 composite?
False
Is 4066942237 prime?
True
Is 1115215781 prime?
True
Is 37996256063 composite?
False
Is 2481628921 composite?
False
Is 1394478653 a composite number?
True
Is 302409979 a composite number?
True
Is 345310631 prime?
True
Is 2785095919 composite?
True
Is 14487366599 composite?
False
Is 1456131943 composite?
True
Is 3949302613 a composite number?
False
Is 5453688701 a composite number?
False
Is 481576903 composite?
True
Is 39372427177 a composite number?
False
Is 14331458369 a composite number?
True
Is 35535671231 a prime number?
False
Is 222272429 a prime number?
True
Is 106101816319 prime?
True
Is 362902531 prime?
True
Is 1631256257 a composite number?
False
Is 35632247789 a composite number?
False
Is 415360711 composite?
True
Is 46125227 a prime number?
True
Is 29273563 prime?
False
Is 142354133 prime?
False
Is 61504553297 a composite number?
True
Is 2380042661 prime?
False
Is 3281718905 a prime number?
False
Is 56452346017 prime?
False
Is 13651415513 a prime number?
False
Is 462709327 a prime number?
True
Is 1232956559 a composite number?
False
Is 10282274447 a composite number?
True
Is 7142486423 composite?
True
Is 17268598681 a composite number?
False
Is 692920457 a composite number?
False
Is 534520397 a composite number?
True
Is 10257986141 a prime number?
False
Is 15554583535 composite?
True
Is 241352611 a composite number?
True
Is 998124823 prime?
True
Is 3327989333 a composite number?
True
Is 7513377511 a prime number?
False
Is 1137635593 composite?
True
Is 1792299169 a composite number?
False
Is 2210427361 a composite number?
False
Is 2731112921 a prime number?
True
Is 35174957789 a prime number?
False
Is 28122951143 prime?
False
Is 58452563543 prime?
False
Is 286139419 a composite number?
True
Is 168087527 prime?
True
Is 5825913619 prime?
True
Is 58832958554 prime?
False
Is 1522149679 a prime number?
False
Is 4483250567 composite?
False
Is 2002407503 composite?
False
Is 2237706257 a prime number?
True
Is 7307216197 composite?
True
Is 1223531209 a composite number?
True
Is 42780250417 a prime number?
False
Is 3547757711 a composite number?
False
Is 10023740897 composite?
False
Is 30232060093 a composite number?
False
Is 6689784611 a composite number?
True
Is 105780865342 a composite number?
True
Is 9821446627 a composite number?
False
Is 1130248211 composite?
False
Is 60251039 prime?
False
Is 852811753 composite?
True
Is 30740132435 a composite number?
True
Is 130765981 a composite number?
False
Is 527847605 composite?
True
Is 4527747787 a prime number?
False
Is 3035650757 prime?
False
Is 51744299 prime?
True
Is 26906169827 prime?
True
Is 12875199901 a prime number?
True
Is 228777569 a composite number?
False
Is 1768621949 prime?
False
Is 26101045861 composite?
True
Is 14532048523 prime?
False
Is 29429807357 a composite number?
True
Is 440780453 a prime number?
False
Is 10197686087 prime?
True
Is 47879928037 prime?
True
Is 808763483 composite?
True
Is 36188196691 a prime number?
False
Is 579443861 composite?
True
Is 9402293291 prime?
True
Is 23987627 prime?
True
Is 24769042183 a composite number?
True
Is 1413191722 prime?
False
Is 635288141 prime?
False
Is 756956534 composite?
True
Is 1343041046 prime?
False
Is 298583665139 composite?
False
Is 10469223601 prime?
False
Is 1230156253 prime?
False
Is 52878948769 a composite number?
True
Is 216408574813 prime?
True
Is 2516369189 composite?
True
Is 1740369914 a prime number?
False
Is 960691741 prime?
True
Is 1327042153 a composite number?
False
Is 93677203519 prime?
True
Is 17738949409 composite?
True
Is 30369023759 prime?
False
Is 51535079 a composite number?
False
Is 406200813 composite?
True
Is 676142219 composite?
False
Is 22450461413 a prime number?
True
Is 130723646 a composite number?
True
Is 5224513753 a prime number?
True
Is 1223810129 composite?
False
Is 55907258699 composite?
True
Is 6555145507 a composite number?
True
Is 5634349873 composite?
False
Is 29649158129 prime?
True
Is 448470899 a composite number?
False
Is 1537749973 a composite number?
True
Is 10439641 prime?
True
Is 6994032217 composite?
False
Is 1022040739 a prime number?
True
Is 110039087 a composite number?
False
Is 1452985249 composite?
True
Is 14026257359 a prime number?
True
Is 457999433 composite?
False
Is 57122826151 a composite number?
True
Is 21794494829 composite?
True
Is 2872555211 composite?
False
Is 1463938897 a composite number?
True
Is 39390524357 composite?
False
Is 5112342979 a composite number?
True
Is 477325224751 prime?
True
Is 5166468161 a composite number?
True
Is 5527751843 a composite number?
False
Is 8739737939 composite?
False
Is 15895620611 a prime number?
False
Is 3176021333 a prime number?
False
Is 2163597797 prime?
True
Is 178392173 a composite number?
False
Is 2682473821 composite?
False
Is 6204825514 composite?
True
Is 7452838669 prime?
False
Is 93775438157 prime?
False
Is 214134757 a composite number?
True
Is 153646594 prime?
False
Is 1808968274 composite?
True
Is 11132893561 a composite number?
False
Is 12158155273 composite?
True
Is 3036008411 prime?
True
Is 37097386903 a composite number?
True
Is 1803023371 composite?
False
Is 7189626403 a prime number?
True
Is 2214694961 a prime number?
False
Is 53828450461 prime?
True
Is 272483998 a composite number?
True
Is 32876810881 composite?
True
Is 6030466181 a composite number?
True
Is 12195719513 prime?
True
Is 319960957 a prime number?
True
Is 5257767103 prime?
True
Is 260963162 a composite number?
True
Is 878640271 a composite number?
False
Is 1150552981 prime?
True
Is 126894739 composite?
False
Is 1203760933 prime?
True
Is 28197993787 prime?
True
Is 295690609 a composite number?
False
Is 235046507 a prime number?
True
Is 8268349939 composite?
True
Is 65760633847 prime?
True
Is 7766608159 prime?
True
Is 77435881559 a prime number?
True
Is 1892067091 prime?
True
Is 184408643 prime?
True
Is 1563828067 composite?
False
Is 1135482709 prime?
True
Is 4843773701 prime?
False
Is 40078242229 a composite number?
False
Is 2156109499 a prime number?
False
Is 583842799 composite?
True
Is 513108641 composite?
True
Is 8353227671 composite?
False
Is 5062169933 prime?
False
Is 4905584003 prime?
False
Is 141460381511 a prime number?
False
Is 32737215883 composite?
False
Is 2769734917 a prime number?
False
Is 1520349211 a composite number?
False
Is 1888252823 prime?
True
Is 53039852069 a composite number?
False
Is 230525571361 a composite number?
False
Is 314672759 composite?
True
Is 478838783 composite?
True
Is 4204142081 prime?
True
Is 15634491083 prime?
False
Is 895956953 a composite number?
True
Is 2956754473 prime?
True
Is 41250287777 a prime number?
False
Is 112270349 prime?
True
Is 3733091191 a composite number?
False
Is 11218769201 prime?
False
Is 21677235409 a composite number?
True
Is 19326263657 a composite number?
False
Is 328415363 composite?
True
Is 24285924935 composite?
True
Is 12680882231 a composite number?
False
Is 98057208661 prime?
False
Is 102102529 a composite number?
False
Is 3151808771 a prime number?
False
Is 4239206047 prime?
True
Is 16800388687 composite?
True
Is 197302160797 prime?
False
Is 13527823571 a composite number?
False
Is 3355404